of 1170?
2, 3, 5, 13
What are the prime factors of 915?
3, 5, 61
What are the prime factors of 68?
2, 17
What are the prime factors of 16601?
13, 1277
What are the prime factors of 5389?
17, 317
List the prime factors of 90502.
2, 37, 1223
List the prime factors of 26497.
26497
What are the prime factors of 2024?
2, 11, 23
List the prime factors of 92.
2, 23
What are the prime factors of 98?
2, 7
What are the prime factors of 906?
2, 3, 151
What are the prime factors of 10134?
2, 3, 563
List the prime factors of 2932.
2, 733
List the prime factors of 32085.
3, 5, 23, 31
What are the prime factors of 44978?
2, 43, 523
List the prime factors of 13820.
2, 5, 691
What are the prime factors of 5272?
2, 659
List the prime factors of 1149.
3, 383
What are the prime factors of 269?
269
What are the prime factors of 7512?
2, 3, 313
List the prime factors of 5439.
3, 7, 37
What are the prime factors of 43515?
3, 5, 967
What are the prime factors of 119273?
7, 11, 1549
What are the prime factors of 2197?
13
What are the prime factors of 73367?
7, 47, 223
What are the prime factors of 5477?
5477
What are the prime factors of 23359?
7, 47, 71
What are the prime factors of 6385?
5, 1277
What are the prime factors of 47056?
2, 17, 173
What are the prime factors of 3910?
2, 5, 17, 23
List the prime factors of 28109.
28109
List the prime factors of 53244.
2, 3, 17, 29
What are the prime factors of 4036?
2, 1009
List the prime factors of 416.
2, 13
List the prime factors of 4202.
2, 11, 191
List the prime factors of 10247.
10247
List the prime factors of 1081.
23, 47
What are the prime factors of 5708?
2, 1427
List the prime factors of 257.
257
What are the prime factors of 19415?
5, 11, 353
List the prime factors of 6831.
3, 11, 23
List the prime factors of 1733.
1733
What are the prime factors of 18196?
2, 4549
List the prime factors of 17577.
3, 7, 31
What are the prime factors of 6376?
2, 797
What are the prime factors of 710?
2, 5, 71
What are the prime factors of 16858?
2, 8429
What are the prime factors of 1377?
3, 17
List the prime factors of 12045.
3, 5, 11, 73
What are the prime factors of 522?
2, 3, 29
What are the prime factors of 45?
3, 5
List the prime factors of 10458.
2, 3, 7, 83
What are the prime factors of 7103?
7103
What are the prime factors of 846?
2, 3, 47
What are the prime factors of 4932?
2, 3, 137
List the prime factors of 47027.
31, 37, 41
List the prime factors of 10482.
2, 3, 1747
List the prime factors of 921.
3, 307
List the prime factors of 40148.
2, 10037
What are the prime factors of 2869?
19, 151
List the prime factors of 828.
2, 3, 23
What are the prime factors of 1843?
19, 97
What are the prime factors of 6702?
2, 3, 1117
List the prime factors of 1314.
2, 3, 73
List the prime factors of 1686.
2, 3, 281
What are the prime factors of 875?
5, 7
What are the prime factors of 17335?
5, 3467
List the prime factors of 10438.
2, 17, 307
What are the prime factors of 8897?
7, 31, 41
What are the prime factors of 39884?
2, 13, 59
What are the prime factors of 41268?
2, 3, 19, 181
What are the prime factors of 31927?
7, 4561
What are the prime factors of 2277?
3, 11, 23
List the prime factors of 361.
19
List the prime factors of 33020.
2, 5, 13, 127
List the prime factors of 3225.
3, 5, 43
What are the prime factors of 7299?
3, 811
List the prime factors of 103254.
2, 3, 17209
List the prime factors of 7424.
2, 29
What are the prime factors of 195?
3, 5, 13
What are the prime factors of 1171?
1171
List the prime factors of 6328.
2, 7, 113
List the prime factors of 1882.
2, 941
What are the prime factors of 20102?
2, 19, 23
What are the prime factors of 638?
2, 11, 29
List the prime factors of 237.
3, 79
List the prime factors of 660.
2, 3, 5, 11
What are the prime factors of 19837?
83, 239
What are the prime factors of 1247?
29, 43
List the prime factors of 2392.
2, 13, 23
What are the prime factors of 27051?
3, 71, 127
List the prime factors of 21459.
3, 23, 311
What are the prime factors of 7773?
3, 2591
What are the prime factors of 25281?
3, 53
List the prime factors of 343.
7
List the prime factors of 2347.
2347
What are the prime factors of 12239?
12239
List the prime factors of 21002.
2, 10501
What are the prime factors of 61413?
3, 11, 1861
List the prime factors of 1471.
1471
What are the prime factors of 891?
3, 11
What are the prime factors of 484?
2, 11
List the prime factors of 1146.
2, 3, 191
List the prime factors of 4069.
13, 313
What are the prime factors of 6327?
3, 19, 37
List the prime factors of 29069.
41, 709
What are the prime factors of 1622?
2, 811
List the prime factors of 10337.
10337
List the prime factors of 654.
2, 3, 109
What are the prime factors of 8222?
2, 4111
What are the prime factors of 6864?
2, 3, 11, 13
List the prime factors of 3903.
3, 1301
List the prime factors of 84.
2, 3, 7
What are the prime factors of 680?
2, 5, 17
What are the prime factors of 5004?
2, 3, 139
List the prime factors of 7670.
2, 5, 13, 59
What are the prime factors of 2476?
2, 619
What are the prime factors of 18841?
83, 227
What are the prime factors of 61556?
2, 11, 1399
List the prime factors of 1565.
5, 313
List the prime factors of 1728.
2, 3
List the prime factors of 449.
449
List the prime factors of 1255.
5, 251
List the prime factors of 4758.
2, 3, 13, 61
List the prime factors of 8670.
2, 3, 5, 17
List the prime factors of 731.
17, 43
What are the prime factors of 2529?
3, 281
List the prime factors of 9186.
2, 3, 1531
List the prime factors of 198.
2, 3, 11
What are the prime factors of 2440?
2, 5, 61
What are the prime factors of 5854?
2, 2927
List the prime factors of 41368.
2, 5171
What are the prime factors of 1683?
3, 11, 17
List the prime factors of 933.
3, 311
What are the prime factors of 716?
2, 179
What are the prime factors of 1964?
2, 491
What are the prime factors of 13684?
2, 11, 311
What are the prime factors of 913?
11, 83
List the prime factors of 789.
3, 263
List the prime factors of 54592.
2, 853
List the prime factors of 14050.
2, 5, 281
What are the prime factors of 87213?
3, 7, 4153
List the prime factors of 1405.
5, 281
List the prime factors of 364.
2, 7, 13
List the prime factors of 1566.
2, 3, 29
List the prime factors of 3786.
2, 3, 631
What are the prime factors of 7143?
3, 2381
List the prime factors of 2494.
2, 29, 43
What are the prime factors of 21787?
21787
What are the prime factors of 3558?
2, 3, 593
List the prime factors of 3321.
3, 41
What are the prime factors of 4820?
2, 5, 241
What are the prime factors of 3768?
2, 3, 157
What are the prime factors of 24740?
2, 5, 1237
List the prime factors of 7791.
3, 7, 53
What are the prime factors of 1338?
2, 3, 223
List the prime factors of 5091.
3, 1697
List the prime factors of 790.
2, 5, 79
List the prime factors of 1201.
1201
List the prime factors of 18258.
2, 3, 17, 179
What are the prime factors of 9269?
13, 23, 31
List the prime factors of 4260.
2, 3, 5, 71
What are the prime factors of 583?
11, 53
List the prime factors of 940.
2, 5, 47
What are the prime factors of 11095?
5, 7, 317
List the prime factors of 36.
2, 3
List the prime factors of 29280.
2, 3, 5, 61
List the prime factors of 2436.
2, 3, 7, 29
What are the prime factors of 29282?
2, 11
List the prime factors of 12211.
12211
What are the prime factors of 27942?
2, 3, 4657
What are the prime factors of 3112?
2, 389
List the prime factors of 19561.
31, 631
List the prime factors of 1702.
2, 23, 37
What are the prime factors of 39664?
2, 37, 67
List the prime factors of 1748.
2, 19, 23
List the prime factors of 16835.
5, 7, 13, 37
What are the prime factors of 686?
2, 7
List the prime factors of 46.
2, 23
What are the prime factors of 929?
929
List the prime factors of 39689.
13, 43, 71
List the prime factors of 1544.
2, 193
List the prime factors of 182.
2, 7, 13
What are the prime factors of 74086?
2, 17, 2179
What are the prime factors of 5233?
5233
List the prime factors of 912.
2, 3, 19
What are the prime factors of 14169?
3, 4723
What are the prime factors of 12870?
2, 3, 5, 11, 13
What are the prime factors of 267?
3, 89
List the prime factors of 4438.
2, 7, 317
What are the prime factors of 5368?
2, 11, 61
What are the prime factors of 2069?
2069
List 